ue
Let x be -2 - -1 - (2 + -8). Let n be x*(-1)/5*104. Let a = -70 - n. Is a prime?
False
Let b(t) = -90*t**3 + 13*t + 28. Is b(-5) prime?
True
Suppose 4*m + 2 + 2 = 2*b, 3*b = -m + 6. Let s = b - -41. Is s a composite number?
False
Let m = -22 + 24. Let g = 4 + m. Suppose 0 = -g*y + 11*y - 725. Is y prime?
False
Suppose -3*t + 2 = -4*g, 3*g + 3 = -3. Let m be (-1905)/1 - (-2 + 2). Is t*(m/6 - 0) a prime number?
False
Let n = 14611 - 10098. Is n composite?
False
Let f(a) be the third derivative of 0*a + 107/24*a**4 - 2/3*a**3 + 2*a**2 + 0. Is f(3) composite?
False
Suppose -u + 4*u - 4*y = -30, 0 = 3*u - 5*y + 30. Is 86/6 - u/(-30) a composite number?
True
Suppose -3*w + 26868 = 5*k, 3*w + k - 6796 = 20060. Is w a prime number?
True
Suppose 2*o = 2*f - 17488, -f + 3464 = 3*o - 5268. Is f a prime number?
True
Let f(i) = 3*i - 9. Let g(v) = -4*v + 8. Let h(k) = -5*f(k) - 4*g(k). Let l be h(-11). Suppose -r - 493 = -l*r. Is r composite?
True
Is (-5091)/12*4*(3 - 22) prime?
False
Let r(n) be the first derivative of -n**2/2 + 9*n - 3. Let l be r(9). Let o(k) = -k**2 + 239. Is o(l) a composite number?
False
Let v be (-2 - -1)/((-1)/575). Suppose v = 3*s - 1138. Suppose 4*m = 3*o - 1095, 2*o + m = s + 159. Is o prime?
False
Let t(s) = 3*s - 20. Let d be t(8). Suppose -d*y - 2*n + 4*n + 4996 = 0, 4*n = 5*y - 6245. Is y composite?
False
Let x(d) = -d**3 + 13*d**2 - 4*d + 9. Let u be x(13). Is (u - (3 - 3))*(-28 - 1) a prime number?
False
Suppose 0 = 5*y + 3*k - 16960, -7*y - 5*k = -3*y - 13581. Is y composite?
False
Let p(l) = -l + 19. Let r be p(16). Suppose -i - 458 = -r*i. Let j = 356 - i. Is j composite?
False
Let f be 8665 + -4 + 4 + -1. Is ((-2)/4)/(f/(-8656) - -1) composite?
False
Suppose -13*i + 2483 = -12*i. Let d = 3672 - i. Is d composite?
True
Let j be (-1 - 1/(-2))*20. Let p be 1515/25 - 4/j. Suppose -p = 2*k - 239. Is k a prime number?
True
Let t(f) = -132*f - 130. Is t(-47) prime?
False
Let c(r) = 10*r**3 + 12*r**2 - 27*r + 3. Is c(6) a composite number?
True
Let m(p) = 8*p**2 - 3*p + 2. Let c be m(8). Let w = c - 703. Let f = w + 506. Is f a prime number?
True
Let g(z) = 235*z - 16. Is g(9) a prime number?
True
Suppose 36*u - 32*u = 0. Suppose 4*i + 2*g = 1590, u*i - 5*g + 1990 = 5*i. Is i prime?
True
Let y = 27 - 20. Suppose -8435 - 1505 = y*p. Is (-2)/3 - p/15 a composite number?
True
Is (-6478)/(-6) + (-106)/159 a composite number?
True
Suppose 0*f = -2*f - 12. Let o(d) = 44*d**2 - d. Let a be o(f). Is ((-1)/(-3))/(10/a) composite?
False
Suppose -1201 = -25*g + 974. Is g prime?
False
Let x(o) = -3*o**2 + 9*o + 7. Suppose 4*u - 3*u - p - 1 = 0, -2*p + 33 = 5*u. Let s be x(u). Let m = 44 + s. Is m a composite number?
True
Let g be -24 - (-14 + 15 - (-3 + 0)). Suppose a + 236 = -3*a. Let w = g - a. Is w prime?
True
Let d = 16 - 12. Suppose -d*y = -0*y + 3052. Let m = y - -1442. Is m prime?
False
Suppose -2*o = -3*o + 22. Is 23800/o + (-4)/(-22) prime?
False
Let l(c) = c**3 - c**2 - c - 63. Let j be l(0). Let k be 7*(-6)/j*3. Suppose k*z - 824 = -298. Is z a composite number?
False
Let f(b) = b**3 - 10*b**2 + 7*b + 20. Let o be f(9). Is 2*71*o/4 composite?
False
Suppose 5*v - 18 = 57. Let s be 265/v*(7 - 1). Suppose 0 = 4*l + s - 290. Is l a prime number?
False
Let v(x) be the third derivative of -x**6/120 + x**4/24 + 397*x**3/6 + 2*x**2. Let p be 0/(2 + -6 - -5). Is v(p) a prime number?
True
Let c(u) = -4*u**3 - 15*u**2 - 9*u + 29. Is c(-12) prime?
True
Let m = 8 + -6. Suppose -y - 5*w + m = 2*y, -2 = -2*w. Is ((-201)/6)/(y/14) a composite number?
True
Let b be (22 - 0)*(-1)/(-2). Suppose 0 = 7*s - b*s. Suppose 3*r - 7*r + 508 = s. Is r a composite number?
False
Suppose -53*d = -50*d - 61167. Is d a composite number?
False
Let a = 32 - 29. Suppose 4900 = a*d - 281. Is d composite?
True
Suppose -4*b - 49 = -5*y, b - y + 13 = -0*y. Let h be ((-4)/(-2))/((-4)/b). Let f(o) = -o**3 + 8*o**2 + 9*o + 5. Is f(h) prime?
False
Let f = 1753 - 542. Suppose -5*n = y - 1533, 4*y - 316 = -5*n + f. Is n prime?
True
Let w be (339 + (4 - 4))*(0 + -1). Is 2*-2*w/(-36)*-3 composite?
False
Let v = 56337 + -6722. Is v prime?
False
Let i = 1956 - 801. Let q = i - 622. Is q prime?
False
Let n(g) = 2*g**3 + 2*g**2 + 2*g + 5. Suppose -3*j + 4*i = -32, -3*j + 2*i + 30 = 2*j. Let o be n(j). Suppose -5*w - 57 + o = 2*p, 4*w = 8. Is p a prime number?
True
Suppose p - 206 = -11. Suppose -44*z = -46*z + 824. Let d = z - p. Is d composite?
True
Suppose 0 = 5*b - 5541 - 3874. Is b composite?
True
Let m be 3 + -3*1/(-3). Suppose -m*r + 10 = -2*r. Suppose -3*z - 2138 = -r*b, b - z - 855 = -b. Is b composite?
True
Is 0 - 10 - (-19941 - 14) a prime number?
False
Suppose 409*r = 413*r - 26164. Is r prime?
False
Is 1/4 - (4 - (-73964)/(-16)) composite?
True
Suppose 43344 + 67781 = 5*b - 4*k, -5*k - 111120 = -5*b. Is b composite?
False
Let q(h) = -h**3 + h**2 + h + 7. Let o(w) = -2*w**3 + w + 8. Let t(d) = 2*o(d) - 3*q(d). Is t(-4) composite?
True
Is ((-20)/130 - (-123411)/13) + -4 prime?
False
Is (849640/(-60))/(2/(-3)) prime?
False
Let o(d) = -6*d - 8. Let y be o(-2). Suppose 0 = 11*m - y*m - 2233. Is m prime?
False
Suppose 1020*a - 13798 = 1018*a. Is a prime?
True
Let h be (-13 - -9)*3/(-4). Is (h + -1 - -474) + -3 a composite number?
True
Suppose 3*w + 164 - 450 = 5*i, -3*i + 5*w - 178 = 0. Let n = 150 + i. Is n prime?
False
Suppose j + 4*x = -237, -2*j - 462 = 5*x - 0*x. Let m = 668 - j. Is m a prime number?
False
Suppose -5*n + 3*n = 6. Let m be (-1111 - 4)*(2 + n). Suppose 4*a - m = -a. Is a a prime number?
True
Let y(i) = -18 + 67*i + 24*i - 18 + 16*i. Is y(11) prime?
False
Is ((-6)/(-10))/(73/3652555) prime?
False
Suppose 2*u = 3*q - 166291, -q + 5*u = -4*q + 166277. Is q a composite number?
True
Suppose -22*b + 24*b - 122054 = 0. Is b a prime number?
True
Suppose -5*i - 4*l = -5293, 4*i + 0*l + l = 4241. Is i composite?
False
Let z = 23 + -16. Let u(c) = 6*c**2 + 4*c + 6. Let t be u(z). Let x = t + -215. Is x a prime number?
True
Let a(j) = -j**3 - 6*j**2 - 4*j + 6. Let g be a(-6). Suppose 0 = g*l - 28*l - 9064. Suppose -5*h + l = 87. Is h a prime number?
False
Suppose -5*x - 20 = 0, 6 = 2*t - 3*x - 12. Suppose -3*u + 3138 = -0*u + t*b, -3*b + 1052 = u. Is u prime?
False
Let n = -81 + 84. Suppose -15 = -o - 0*f + n*f, 2*f = -6. Is o prime?
False
Suppose r + 3*d - 256 = 5*d, 2*r - 503 = -5*d. Is r composite?
True
Let d(s) = 24*s**2 - 9*s - 16. Let c = -42 - -53. Is d(c) a prime number?
True
Let y = -19749 + 45442. Is y composite?
False
Let u = 57 + 274. Is u prime?
True
Suppose 0 = 41*s - 4*s - 1151477. Is s a composite number?
False
Suppose 4*w - 658 = -2*h + 2884, 3*w - 2676 = 5*h. Is w composite?
False
Let s be (-8)/(-28)*7*(1 - 2). Is 0 + 216 + s + -3 a prime number?
True
Let t(d) = -d - 14. Let h be t(-18). Suppose 5*c + h*k = 16475, 0 = -c - 4*k + 1059 + 2220. Is c composite?
False
Let k(m) be the third derivative of 21*m**4/4 + 13*m**3/6 + 28*m**2. Is k(13) prime?
False
Let b = -4636 + 6677. Let v = -992 + b. Is v prime?
True
Let h = -1411 - -15614. Is h a prime number?
False
Suppose 0*b = -b + 2. Suppose 4*k + b*q - 10 = 0, -7*k + 3*k + q = -25. Suppose -3*m + k*c = m - 914, 236 = m - 5*c. Is m prime?
False
Let d be ((-8175)/50)/((-6)/512). Let t = d - 9381. Is t a composite number?
True
Suppose 2*s = -2*m + 8, m - 4 = -s - m. Suppose 3*t - s*z - 2035 = 0, -5*t - 3*z + 1393 = -1960. Is t a prime number?
True
Suppose -5*x = -10*x + 4845. Let s = -466 + x. Is s a composite number?
False
Suppose 2*v = 7*v - s - 5028, v = 5*s + 996. Suppose -4*n + v = -1158. Suppose -3*o + 2*o + n = 0. Is o a composite number?
False
Let j = 4141 + 3390. Let m = j + -4722. Is m prime?
False
Suppose 0 = -3*p - 0*p. Suppose -5*j = -p*j. Suppose j = -x + 16 + 123. Is x a prime number?
True
Let i(q) = 32*q + 3. Let t(k) = k - 4. Let f(x) = 2*x - 18. Let v be f(12). Let r be t(v). Is i(r) a prime number?
True
Let t(p) = -p - 4. Let j be t(-6). Let u(m) = -3*m - 4 + 6*m + 1 + 4*m**j + 0. Is u(2) prime?
True
Let z be -21 + 1 + (-9)/(-3). Let w = -47 - z. Let y = w - -583. Is y composite?
True
Let y = 3 + 112. Suppose -y - 84 = -z. Is z a prime number?
True
Suppose -2*v + 3*t = 3*v - 18923, 0 = -4*v - 5*t + 15168. Suppose -p - v = -8*p. Is p composite?
False
Is (-49)/(-14)*462 + 1 prim